{"id":76855,"date":"2022-05-19T11:43:28","date_gmt":"2022-05-19T16:43:28","guid":{"rendered":"https:\/\/www.altagraciamelgar.com\/?page_id=76855"},"modified":"2022-05-24T13:51:09","modified_gmt":"2022-05-24T18:51:09","slug":"elementor-76855","status":"publish","type":"page","link":"https:\/\/www.altagraciamelgar.com\/?page_id=76855","title":{"rendered":"Apartamento tipo 1"},"content":{"rendered":"\t\t<div data-elementor-type=\"wp-page\" data-elementor-id=\"76855\" class=\"elementor elementor-76855\" data-elementor-post-type=\"page\">\n\t\t\t\t\t\t<section class=\"elementor-section elementor-top-section elementor-element elementor-element-063f2d7 elementor-section-boxed elementor-section-height-default elementor-section-height-default elementor-invisible\" data-id=\"063f2d7\" data-element_type=\"section\" data-settings=\"{&quot;background_background&quot;:&quot;classic&quot;,&quot;animation&quot;:&quot;fadeIn&quot;}\">\n\t\t\t\t\t\t<div class=\"elementor-container elementor-column-gap-default\">\n\t\t\t\t\t<div class=\" elementor-column elementor-col-50 elementor-top-column elementor-element elementor-element-0f62965 elementor-invisible\" data-fullscreen-column-settings=\"{&quot;fullscreen&quot;:&quot;&quot;}\" data-id=\"0f62965\" data-element_type=\"column\" data-settings=\"{&quot;animation&quot;:&quot;fadeIn&quot;}\">\n\t\t\t<div class=\"elementor-widget-wrap elementor-element-populated\">\n\t\t\t\t\t\t<div class=\"elementor-element elementor-element-8137651 elementor-widget elementor-widget-image\" data-id=\"8137651\" data-element_type=\"widget\" data-widget_type=\"image.default\">\n\t\t\t\t<div class=\"elementor-widget-container\">\n\t\t\t<style>\/*! elementor - v3.19.0 - 07-02-2024 *\/\n.elementor-widget-image{text-align:center}.elementor-widget-image a{display:inline-block}.elementor-widget-image a img[src$=\".svg\"]{width:48px}.elementor-widget-image img{vertical-align:middle;display:inline-block}<\/style>\t\t\t\t\t\t\t\t\t\t<img fetchpriority=\"high\" decoding=\"async\" width=\"2084\" height=\"2084\" src=\"https:\/\/www.altagraciamelgar.com\/wp-content\/uploads\/2022\/04\/TIPO-2_Mesa-de-trabajo-1.png\" class=\"attachment-full size-full wp-image-76713\" alt=\"\" srcset=\"https:\/\/www.altagraciamelgar.com\/wp-content\/uploads\/2022\/04\/TIPO-2_Mesa-de-trabajo-1.png 2084w, https:\/\/www.altagraciamelgar.com\/wp-content\/uploads\/2022\/04\/TIPO-2_Mesa-de-trabajo-1-300x300.png 300w, https:\/\/www.altagraciamelgar.com\/wp-content\/uploads\/2022\/04\/TIPO-2_Mesa-de-trabajo-1-1024x1024.png 1024w, https:\/\/www.altagraciamelgar.com\/wp-content\/uploads\/2022\/04\/TIPO-2_Mesa-de-trabajo-1-150x150.png 150w, https:\/\/www.altagraciamelgar.com\/wp-content\/uploads\/2022\/04\/TIPO-2_Mesa-de-trabajo-1-768x768.png 768w, https:\/\/www.altagraciamelgar.com\/wp-content\/uploads\/2022\/04\/TIPO-2_Mesa-de-trabajo-1-1536x1536.png 1536w, https:\/\/www.altagraciamelgar.com\/wp-content\/uploads\/2022\/04\/TIPO-2_Mesa-de-trabajo-1-2048x2048.png 2048w, https:\/\/www.altagraciamelgar.com\/wp-content\/uploads\/2022\/04\/TIPO-2_Mesa-de-trabajo-1-200x200.png 200w, https:\/\/www.altagraciamelgar.com\/wp-content\/uploads\/2022\/04\/TIPO-2_Mesa-de-trabajo-1-1568x1568.png 1568w, https:\/\/www.altagraciamelgar.com\/wp-content\/uploads\/2022\/04\/TIPO-2_Mesa-de-trabajo-1-600x600.png 600w, https:\/\/www.altagraciamelgar.com\/wp-content\/uploads\/2022\/04\/TIPO-2_Mesa-de-trabajo-1-100x100.png 100w\" sizes=\"(max-width: 2084px) 100vw, 2084px\" \/>\t\t\t\t\t\t\t\t\t\t\t\t\t<\/div>\n\t\t\t\t<\/div>\n\t\t\t\t\t<\/div>\n\t\t<\/div>\n\t\t\t\t<div class=\" elementor-column elementor-col-50 elementor-top-column elementor-element elementor-element-dfb7eaa elementor-invisible\" data-fullscreen-column-settings=\"{&quot;fullscreen&quot;:&quot;&quot;}\" data-id=\"dfb7eaa\" data-element_type=\"column\" data-settings=\"{&quot;background_background&quot;:&quot;gradient&quot;,&quot;animation&quot;:&quot;fadeIn&quot;,&quot;animation_delay&quot;:200}\">\n\t\t\t<div class=\"elementor-widget-wrap elementor-element-populated\">\n\t\t\t\t\t\t<div class=\"elementor-element elementor-element-86acd4c elementor-widget elementor-widget-litho-heading\" data-id=\"86acd4c\" data-element_type=\"widget\" data-widget_type=\"litho-heading.default\">\n\t\t\t\t<div class=\"elementor-widget-container\">\n\t\t\t<span class=\"litho-heading elementor-size-medium\"><span class=\"litho-primary-title\">Jard\u00edn & jacuzzi <\/span><\/span>\t\t<\/div>\n\t\t\t\t<\/div>\n\t\t\t\t<div class=\"elementor-element elementor-element-d71a62d elementor-widget elementor-widget-litho-heading\" data-id=\"d71a62d\" data-element_type=\"widget\" data-widget_type=\"litho-heading.default\">\n\t\t\t\t<div class=\"elementor-widget-container\">\n\t\t\t<h5 class=\"litho-heading elementor-size-default\"><span class=\"litho-primary-title\">\u00c1rea construida\n77.91 m2 \n\u00c1rea privada 62.95 m2\n\u00c1rea terraza & jard\u00edn privado \n23.86 m2 <\/span><\/h5>\t\t<\/div>\n\t\t\t\t<\/div>\n\t\t\t\t<div class=\"elementor-element elementor-element-933ac98 elementor-widget elementor-widget-button\" data-id=\"933ac98\" data-element_type=\"widget\" data-widget_type=\"button.default\">\n\t\t\t\t<div class=\"elementor-widget-container\">\n\t\t\t\t\t<div class=\"elementor-button-wrapper\">\n\t\t\t<a class=\"elementor-button elementor-button-link elementor-size-xl\" href=\"https:\/\/www.altagraciamelgar.com\/?page_id=105\">\n\t\t\t\t\t\t<span class=\"elementor-button-content-wrapper\">\n\t\t\t\t\t\t<span class=\"elementor-button-text\">SEPARA EL TUYO AHORA MISMO ! <\/span>\n\t\t<\/span>\n\t\t\t\t\t<\/a>\n\t\t<\/div>\n\t\t\t\t<\/div>\n\t\t\t\t<\/div>\n\t\t\t\t\t<\/div>\n\t\t<\/div>\n\t\t\t\t\t<\/div>\n\t\t<\/section>\n\t\t\t\t<\/div>\n\t\t","protected":false},"excerpt":{"rendered":"<p>Jard\u00edn &#038; jacuzzi \u00c1rea construida 77.91 m2 \u00c1rea privada 62.95 m2 \u00c1rea terraza &#038; jard\u00edn privado 23.86 m2 SEPARA EL TUYO AHORA MISMO !<\/p>\n","protected":false},"author":1,"featured_media":0,"parent":0,"menu_order":0,"comment_status":"closed","ping_status":"closed","template":"","meta":{"_joinchat":[],"footnotes":""},"class_list":["post-76855","page","type-page","status-publish","hentry"],"_links":{"self":[{"href":"https:\/\/www.altagraciamelgar.com\/index.php?rest_route=\/wp\/v2\/pages\/76855","targetHints":{"allow":["GET"]}}],"collection":[{"href":"https:\/\/www.altagraciamelgar.com\/index.php?rest_route=\/wp\/v2\/pages"}],"about":[{"href":"https:\/\/www.altagraciamelgar.com\/index.php?rest_route=\/wp\/v2\/types\/page"}],"author":[{"embeddable":true,"href":"https:\/\/www.altagraciamelgar.com\/index.php?rest_route=\/wp\/v2\/users\/1"}],"replies":[{"embeddable":true,"href":"https:\/\/www.altagraciamelgar.com\/index.php?rest_route=%2Fwp%2Fv2%2Fcomments&post=76855"}],"version-history":[{"count":17,"href":"https:\/\/www.altagraciamelgar.com\/index.php?rest_route=\/wp\/v2\/pages\/76855\/revisions"}],"predecessor-version":[{"id":77037,"href":"https:\/\/www.altagraciamelgar.com\/index.php?rest_route=\/wp\/v2\/pages\/76855\/revisions\/77037"}],"wp:attachment":[{"href":"https:\/\/www.altagraciamelgar.com\/index.php?rest_route=%2Fwp%2Fv2%2Fmedia&parent=76855"}],"curies":[{"name":"wp","href":"https:\/\/api.w.org\/{rel}","templated":true}]}}